{"id":657,"date":"2017-06-14T05:00:40","date_gmt":"2017-06-14T05:00:40","guid":{"rendered":"http:\/\/localhost\/construct\/?page_id=657"},"modified":"2023-01-17T22:08:29","modified_gmt":"2023-01-17T21:08:29","slug":"a-propos","status":"publish","type":"page","link":"https:\/\/aamal-rct.com\/index.php\/a-propos\/","title":{"rendered":"A propos"},"content":{"rendered":"<p>&nbsp;<\/p>\n<p>[vc_row css=\u00a0\u00bb.vc_custom_1497416090331{padding-top: 80px !important;padding-bottom: 80px !important;}\u00a0\u00bb][vc_column offset=\u00a0\u00bbvc_col-md-6&Prime;]\n    <h2 class=\"text-left\" >Historique<\/h2>\n    \t    <div class=\"wprt-lines style-1 custom-3\">\n\t        <div class=\"line-1\"><\/div>\n\t    <\/div>\n    \n        \t\n[vc_column_text css=\u00a0\u00bb.vc_custom_1658661028042{margin-top: 25px !important;margin-bottom: 25px !important;}\u00a0\u00bb]Fond\u00e9e en 2009 par l\u2019architecte Abdelkader DJEFFAL, Sarl AAMAL R\u00e9alisation et Conseil Technique repr\u00e9sente la continuit\u00e9 en Alg\u00e9rie de la soci\u00e9t\u00e9 ERSAA COMPANY FOR CONSTRUCTION REAL ESTATE<br \/>\nINVESTMENT, cr\u00e9er en Libye en 1994 avec l\u2019association de deux libyens. Ces deux soci\u00e9t\u00e9s sont le fruit d\u2019une longue exp\u00e9rience acquise par M. Djeffal dans le domaine des \u00e9tudes, de la construction et du management des grands projets.<\/p>\n<p>Une exp\u00e9rience richement consolid\u00e9e par une \u00e9troite collaboration avec de grandes soci\u00e9t\u00e9s de r\u00e9alisation et des bureaux d\u2019\u00e9tudes internationaux (b\u00e2timent et travaux publics) tels que DROMEX, EMPERGILIO, BILIFIGER, BURGER, ENKA, MESA et autres \u2026[\/vc_column_text][vc_column_text]<\/p>\n<div class=\"wprt-spacer\" style=\"height: 0px;\" data-desktop=\"0\" data-mobi=\"35\" data-smobi=\"35\"><\/div>\n<p>[\/vc_column_text][\/vc_column][vc_column offset=\u00a0\u00bbvc_col-md-6&Prime;]\t\n\t<div class=\"wprt-galleries galleries w-770px\" data-width=\"142\" data-margin=\"15\">\n        <div id=\"wprt-slider\" class=\"flexslider\">\n            <ul class=\"slides\">\n                \t                <li class=\"flex-active-slide\">\n\t                    <a class=\"zoom\" href=\"https:\/\/aamal-rct.com\/wp-content\/uploads\/2022\/11\/Captureddd.png\"><i class=\"fa fa-arrows-alt\"><\/i><\/a>\n\t                    <img decoding=\"async\" src=\"https:\/\/aamal-rct.com\/wp-content\/uploads\/2022\/11\/Captureddd.png\" alt=\"image\" \/>\n\t                <\/li>\n\t            \t                <li class=\"flex-active-slide\">\n\t                    <a class=\"zoom\" href=\"https:\/\/aamal-rct.com\/wp-content\/uploads\/2020\/12\/Sans-titre-1.jpg\"><i class=\"fa fa-arrows-alt\"><\/i><\/a>\n\t                    <img decoding=\"async\" src=\"https:\/\/aamal-rct.com\/wp-content\/uploads\/2020\/12\/Sans-titre-1.jpg\" alt=\"image\" \/>\n\t                <\/li>\n\t            \t                <li class=\"flex-active-slide\">\n\t                    <a class=\"zoom\" href=\"https:\/\/aamal-rct.com\/wp-content\/uploads\/2022\/11\/300978761_114794034674685_2171027494803579004_n-1.jpg\"><i class=\"fa fa-arrows-alt\"><\/i><\/a>\n\t                    <img decoding=\"async\" src=\"https:\/\/aamal-rct.com\/wp-content\/uploads\/2022\/11\/300978761_114794034674685_2171027494803579004_n-1.jpg\" alt=\"image\" \/>\n\t                <\/li>\n\t            \t                <li class=\"flex-active-slide\">\n\t                    <a class=\"zoom\" href=\"https:\/\/aamal-rct.com\/wp-content\/uploads\/2021\/01\/ZERA.png\"><i class=\"fa fa-arrows-alt\"><\/i><\/a>\n\t                    <img decoding=\"async\" src=\"https:\/\/aamal-rct.com\/wp-content\/uploads\/2021\/01\/ZERA.png\" alt=\"image\" \/>\n\t                <\/li>\n\t            \t                <li class=\"flex-active-slide\">\n\t                    <a class=\"zoom\" href=\"https:\/\/aamal-rct.com\/wp-content\/uploads\/2022\/11\/IMG20210113121445-1-scaled.jpg\"><i class=\"fa fa-arrows-alt\"><\/i><\/a>\n\t                    <img decoding=\"async\" src=\"https:\/\/aamal-rct.com\/wp-content\/uploads\/2022\/11\/IMG20210113121445-1-scaled.jpg\" alt=\"image\" \/>\n\t                <\/li>\n\t            \t                <li class=\"flex-active-slide\">\n\t                    <a class=\"zoom\" href=\"https:\/\/aamal-rct.com\/wp-content\/uploads\/2022\/11\/301140846_114802654673823_5213048453422908689_n-1.jpg\"><i class=\"fa fa-arrows-alt\"><\/i><\/a>\n\t                    <img decoding=\"async\" src=\"https:\/\/aamal-rct.com\/wp-content\/uploads\/2022\/11\/301140846_114802654673823_5213048453422908689_n-1.jpg\" alt=\"image\" \/>\n\t                <\/li>\n\t            \t                <li class=\"flex-active-slide\">\n\t                    <a class=\"zoom\" href=\"https:\/\/aamal-rct.com\/wp-content\/uploads\/2022\/10\/temp_image_20230103_100710_ccfd075b-2dfb-48ec-b6e9-0c42dd2da21e-1.jpg\"><i class=\"fa fa-arrows-alt\"><\/i><\/a>\n\t                    <img decoding=\"async\" src=\"https:\/\/aamal-rct.com\/wp-content\/uploads\/2022\/10\/temp_image_20230103_100710_ccfd075b-2dfb-48ec-b6e9-0c42dd2da21e-1.jpg\" alt=\"image\" \/>\n\t                <\/li>\n\t            \t                <li class=\"flex-active-slide\">\n\t                    <a class=\"zoom\" href=\"https:\/\/aamal-rct.com\/wp-content\/uploads\/2021\/01\/20200708_170016-scaled.jpg\"><i class=\"fa fa-arrows-alt\"><\/i><\/a>\n\t                    <img decoding=\"async\" src=\"https:\/\/aamal-rct.com\/wp-content\/uploads\/2021\/01\/20200708_170016-scaled.jpg\" alt=\"image\" \/>\n\t                <\/li>\n\t                            \n            <\/ul>\n        <\/div>\n\n        <div id=\"wprt-carousel\" class=\"flexslider\">\n            <ul class=\"slides\">\n            \t                \t<li><img decoding=\"async\" src=\"https:\/\/aamal-rct.com\/wp-content\/uploads\/2022\/11\/Captureddd.png\" alt=\"image\"><\/li>\n                                \t<li><img decoding=\"async\" src=\"https:\/\/aamal-rct.com\/wp-content\/uploads\/2020\/12\/Sans-titre-1.jpg\" alt=\"image\"><\/li>\n                                \t<li><img decoding=\"async\" src=\"https:\/\/aamal-rct.com\/wp-content\/uploads\/2022\/11\/300978761_114794034674685_2171027494803579004_n-1.jpg\" alt=\"image\"><\/li>\n                                \t<li><img decoding=\"async\" src=\"https:\/\/aamal-rct.com\/wp-content\/uploads\/2021\/01\/ZERA.png\" alt=\"image\"><\/li>\n                                \t<li><img decoding=\"async\" src=\"https:\/\/aamal-rct.com\/wp-content\/uploads\/2022\/11\/IMG20210113121445-1-scaled.jpg\" alt=\"image\"><\/li>\n                                \t<li><img decoding=\"async\" src=\"https:\/\/aamal-rct.com\/wp-content\/uploads\/2022\/11\/301140846_114802654673823_5213048453422908689_n-1.jpg\" alt=\"image\"><\/li>\n                                \t<li><img decoding=\"async\" src=\"https:\/\/aamal-rct.com\/wp-content\/uploads\/2022\/10\/temp_image_20230103_100710_ccfd075b-2dfb-48ec-b6e9-0c42dd2da21e-1.jpg\" alt=\"image\"><\/li>\n                                \t<li><img decoding=\"async\" src=\"https:\/\/aamal-rct.com\/wp-content\/uploads\/2021\/01\/20200708_170016-scaled.jpg\" alt=\"image\"><\/li>\n                            <\/ul>\n        <\/div>\n    <\/div>\t\n\n[\/vc_column][\/vc_row][vc_row parallax_bg=\u00a0\u00bbtrue\u00a0\u00bb css=\u00a0\u00bb.vc_custom_1497426228289{padding-top: 120px !important;padding-bottom: 120px !important;background-image: url(http:\/\/wpdemo.oceanthemes.net\/construction\/wp-content\/uploads\/sites\/6\/2017\/06\/bg-section-3.jpg?id=669) !important;}\u00a0\u00bb][vc_column][vc_column_text css=\u00a0\u00bb.vc_custom_1672308693960{margin-bottom: 0px !important;}\u00a0\u00bb]<\/p>\n<h3 class=\"text-center text-white font-family-heading font-size-30 margin-bottom-30\" style=\"text-align: center;\">Un travail conforme, de qualit\u00e9<br \/>\net dans les d\u00e9lais\u2026 <span class=\"text-accent-color\">DEPUIS 2009<\/span><\/h3>\n<p style=\"text-align: center;\"><a class=\"wprt-button rounded-3px\" href=\"https:\/\/aamal-rct.com\/index.php\/contact\/\">DEMANDEZ UN DEVIS<\/a><\/p>\n<p>[\/vc_column_text][\/vc_column][\/vc_row]<\/p>\n","protected":false},"excerpt":{"rendered":"<p>&nbsp; [vc_row css=\u00a0\u00bb.vc_custom_1497416090331{padding-top: 80px !important;padding-bottom: 80px !important;}\u00a0\u00bb][vc_column offset=\u00a0\u00bbvc_col-md-6&Prime;][vc_column_text css=\u00a0\u00bb.vc_custom_1658661028042{margin-top: 25px !important;margin-bottom: 25px !important;}\u00a0\u00bb]Fond\u00e9e en 2009 par l\u2019architecte Abdelkader DJEFFAL, Sarl AAMAL R\u00e9alisation et Conseil Technique repr\u00e9sente la continuit\u00e9 en Alg\u00e9rie de la soci\u00e9t\u00e9 ERSAA COMPANY FOR CONSTRUCTION REAL ESTATE INVESTMENT, cr\u00e9er en Libye en 1994 avec l\u2019association de deux libyens. Ces deux soci\u00e9t\u00e9s sont le [&hellip;]<\/p>\n","protected":false},"author":1,"featured_media":0,"parent":0,"menu_order":0,"comment_status":"closed","ping_status":"closed","template":"page-templates\/template-fullwidth.php","meta":{"footnotes":""},"class_list":["post-657","page","type-page","status-publish","hentry"],"yoast_head":"<!-- This site is optimized with the Yoast SEO plugin v27.5 - https:\/\/yoast.com\/product\/yoast-seo-wordpress\/ -->\n<title>A propos - Aamal rct<\/title>\n<meta name=\"robots\" content=\"index, follow, max-snippet:-1, max-image-preview:large, max-video-preview:-1\" \/>\n<link rel=\"canonical\" href=\"https:\/\/aamal-rct.com\/index.php\/a-propos\/\" \/>\n<meta property=\"og:locale\" content=\"fr_FR\" \/>\n<meta property=\"og:type\" content=\"article\" \/>\n<meta property=\"og:title\" content=\"A propos - Aamal rct\" \/>\n<meta property=\"og:description\" content=\"&nbsp; [vc_row css=\u00a0\u00bb.vc_custom_1497416090331{padding-top: 80px !important;padding-bottom: 80px !important;}\u00a0\u00bb][vc_column offset=\u00a0\u00bbvc_col-md-6&Prime;][vc_column_text css=\u00a0\u00bb.vc_custom_1658661028042{margin-top: 25px !important;margin-bottom: 25px !important;}\u00a0\u00bb]Fond\u00e9e en 2009 par l\u2019architecte Abdelkader DJEFFAL, Sarl AAMAL R\u00e9alisation et Conseil Technique repr\u00e9sente la continuit\u00e9 en Alg\u00e9rie de la soci\u00e9t\u00e9 ERSAA COMPANY FOR CONSTRUCTION REAL ESTATE INVESTMENT, cr\u00e9er en Libye en 1994 avec l\u2019association de deux libyens. Ces deux soci\u00e9t\u00e9s sont le [&hellip;]\" \/>\n<meta property=\"og:url\" content=\"https:\/\/aamal-rct.com\/index.php\/a-propos\/\" \/>\n<meta property=\"og:site_name\" content=\"Aamal rct\" \/>\n<meta property=\"article:publisher\" content=\"https:\/\/web.facebook.com\/Aamalrtc\" \/>\n<meta property=\"article:modified_time\" content=\"2023-01-17T21:08:29+00:00\" \/>\n<meta name=\"twitter:card\" content=\"summary_large_image\" \/>\n<meta name=\"twitter:label1\" content=\"Dur\u00e9e de lecture estim\u00e9e\" \/>\n\t<meta name=\"twitter:data1\" content=\"1 minute\" \/>\n<script type=\"application\/ld+json\" class=\"yoast-schema-graph\">{\"@context\":\"https:\\\/\\\/schema.org\",\"@graph\":[{\"@type\":\"WebPage\",\"@id\":\"https:\\\/\\\/aamal-rct.com\\\/index.php\\\/a-propos\\\/\",\"url\":\"https:\\\/\\\/aamal-rct.com\\\/index.php\\\/a-propos\\\/\",\"name\":\"A propos - Aamal rct\",\"isPartOf\":{\"@id\":\"https:\\\/\\\/aamal-rct.com\\\/#website\"},\"datePublished\":\"2017-06-14T05:00:40+00:00\",\"dateModified\":\"2023-01-17T21:08:29+00:00\",\"breadcrumb\":{\"@id\":\"https:\\\/\\\/aamal-rct.com\\\/index.php\\\/a-propos\\\/#breadcrumb\"},\"inLanguage\":\"fr-FR\",\"potentialAction\":[{\"@type\":\"ReadAction\",\"target\":[\"https:\\\/\\\/aamal-rct.com\\\/index.php\\\/a-propos\\\/\"]}]},{\"@type\":\"BreadcrumbList\",\"@id\":\"https:\\\/\\\/aamal-rct.com\\\/index.php\\\/a-propos\\\/#breadcrumb\",\"itemListElement\":[{\"@type\":\"ListItem\",\"position\":1,\"name\":\"Accueil\",\"item\":\"https:\\\/\\\/aamal-rct.com\\\/\"},{\"@type\":\"ListItem\",\"position\":2,\"name\":\"A propos\"}]},{\"@type\":\"WebSite\",\"@id\":\"https:\\\/\\\/aamal-rct.com\\\/#website\",\"url\":\"https:\\\/\\\/aamal-rct.com\\\/\",\"name\":\"Aamal rct\",\"description\":\"R\u00e9alisation conseil technique\",\"publisher\":{\"@id\":\"https:\\\/\\\/aamal-rct.com\\\/#organization\"},\"potentialAction\":[{\"@type\":\"SearchAction\",\"target\":{\"@type\":\"EntryPoint\",\"urlTemplate\":\"https:\\\/\\\/aamal-rct.com\\\/?s={search_term_string}\"},\"query-input\":{\"@type\":\"PropertyValueSpecification\",\"valueRequired\":true,\"valueName\":\"search_term_string\"}}],\"inLanguage\":\"fr-FR\"},{\"@type\":\"Organization\",\"@id\":\"https:\\\/\\\/aamal-rct.com\\\/#organization\",\"name\":\"Ammal rct\",\"url\":\"https:\\\/\\\/aamal-rct.com\\\/\",\"logo\":{\"@type\":\"ImageObject\",\"inLanguage\":\"fr-FR\",\"@id\":\"https:\\\/\\\/aamal-rct.com\\\/#\\\/schema\\\/logo\\\/image\\\/\",\"url\":\"https:\\\/\\\/aamal-rct.com\\\/wp-content\\\/uploads\\\/2022\\\/07\\\/logo-aamal-rtc-tra.png\",\"contentUrl\":\"https:\\\/\\\/aamal-rct.com\\\/wp-content\\\/uploads\\\/2022\\\/07\\\/logo-aamal-rtc-tra.png\",\"width\":768,\"height\":230,\"caption\":\"Ammal rct\"},\"image\":{\"@id\":\"https:\\\/\\\/aamal-rct.com\\\/#\\\/schema\\\/logo\\\/image\\\/\"},\"sameAs\":[\"https:\\\/\\\/web.facebook.com\\\/Aamalrtc\",\"https:\\\/\\\/www.linkedin.com\\\/company\\\/aamalrct\\\/\"]}]}<\/script>\n<!-- \/ Yoast SEO plugin. -->","yoast_head_json":{"title":"A propos - Aamal rct","robots":{"index":"index","follow":"follow","max-snippet":"max-snippet:-1","max-image-preview":"max-image-preview:large","max-video-preview":"max-video-preview:-1"},"canonical":"https:\/\/aamal-rct.com\/index.php\/a-propos\/","og_locale":"fr_FR","og_type":"article","og_title":"A propos - Aamal rct","og_description":"&nbsp; [vc_row css=\u00a0\u00bb.vc_custom_1497416090331{padding-top: 80px !important;padding-bottom: 80px !important;}\u00a0\u00bb][vc_column offset=\u00a0\u00bbvc_col-md-6&Prime;][vc_column_text css=\u00a0\u00bb.vc_custom_1658661028042{margin-top: 25px !important;margin-bottom: 25px !important;}\u00a0\u00bb]Fond\u00e9e en 2009 par l\u2019architecte Abdelkader DJEFFAL, Sarl AAMAL R\u00e9alisation et Conseil Technique repr\u00e9sente la continuit\u00e9 en Alg\u00e9rie de la soci\u00e9t\u00e9 ERSAA COMPANY FOR CONSTRUCTION REAL ESTATE INVESTMENT, cr\u00e9er en Libye en 1994 avec l\u2019association de deux libyens. Ces deux soci\u00e9t\u00e9s sont le [&hellip;]","og_url":"https:\/\/aamal-rct.com\/index.php\/a-propos\/","og_site_name":"Aamal rct","article_publisher":"https:\/\/web.facebook.com\/Aamalrtc","article_modified_time":"2023-01-17T21:08:29+00:00","twitter_card":"summary_large_image","twitter_misc":{"Dur\u00e9e de lecture estim\u00e9e":"1 minute"},"schema":{"@context":"https:\/\/schema.org","@graph":[{"@type":"WebPage","@id":"https:\/\/aamal-rct.com\/index.php\/a-propos\/","url":"https:\/\/aamal-rct.com\/index.php\/a-propos\/","name":"A propos - Aamal rct","isPartOf":{"@id":"https:\/\/aamal-rct.com\/#website"},"datePublished":"2017-06-14T05:00:40+00:00","dateModified":"2023-01-17T21:08:29+00:00","breadcrumb":{"@id":"https:\/\/aamal-rct.com\/index.php\/a-propos\/#breadcrumb"},"inLanguage":"fr-FR","potentialAction":[{"@type":"ReadAction","target":["https:\/\/aamal-rct.com\/index.php\/a-propos\/"]}]},{"@type":"BreadcrumbList","@id":"https:\/\/aamal-rct.com\/index.php\/a-propos\/#breadcrumb","itemListElement":[{"@type":"ListItem","position":1,"name":"Accueil","item":"https:\/\/aamal-rct.com\/"},{"@type":"ListItem","position":2,"name":"A propos"}]},{"@type":"WebSite","@id":"https:\/\/aamal-rct.com\/#website","url":"https:\/\/aamal-rct.com\/","name":"Aamal rct","description":"R\u00e9alisation conseil technique","publisher":{"@id":"https:\/\/aamal-rct.com\/#organization"},"potentialAction":[{"@type":"SearchAction","target":{"@type":"EntryPoint","urlTemplate":"https:\/\/aamal-rct.com\/?s={search_term_string}"},"query-input":{"@type":"PropertyValueSpecification","valueRequired":true,"valueName":"search_term_string"}}],"inLanguage":"fr-FR"},{"@type":"Organization","@id":"https:\/\/aamal-rct.com\/#organization","name":"Ammal rct","url":"https:\/\/aamal-rct.com\/","logo":{"@type":"ImageObject","inLanguage":"fr-FR","@id":"https:\/\/aamal-rct.com\/#\/schema\/logo\/image\/","url":"https:\/\/aamal-rct.com\/wp-content\/uploads\/2022\/07\/logo-aamal-rtc-tra.png","contentUrl":"https:\/\/aamal-rct.com\/wp-content\/uploads\/2022\/07\/logo-aamal-rtc-tra.png","width":768,"height":230,"caption":"Ammal rct"},"image":{"@id":"https:\/\/aamal-rct.com\/#\/schema\/logo\/image\/"},"sameAs":["https:\/\/web.facebook.com\/Aamalrtc","https:\/\/www.linkedin.com\/company\/aamalrct\/"]}]}},"_links":{"self":[{"href":"https:\/\/aamal-rct.com\/index.php\/wp-json\/wp\/v2\/pages\/657","targetHints":{"allow":["GET"]}}],"collection":[{"href":"https:\/\/aamal-rct.com\/index.php\/wp-json\/wp\/v2\/pages"}],"about":[{"href":"https:\/\/aamal-rct.com\/index.php\/wp-json\/wp\/v2\/types\/page"}],"author":[{"embeddable":true,"href":"https:\/\/aamal-rct.com\/index.php\/wp-json\/wp\/v2\/users\/1"}],"replies":[{"embeddable":true,"href":"https:\/\/aamal-rct.com\/index.php\/wp-json\/wp\/v2\/comments?post=657"}],"version-history":[{"count":0,"href":"https:\/\/aamal-rct.com\/index.php\/wp-json\/wp\/v2\/pages\/657\/revisions"}],"wp:attachment":[{"href":"https:\/\/aamal-rct.com\/index.php\/wp-json\/wp\/v2\/media?parent=657"}],"curies":[{"name":"wp","href":"https:\/\/api.w.org\/{rel}","templated":true}]}}