{"id":679,"date":"2017-06-14T08:23:05","date_gmt":"2017-06-14T08:23:05","guid":{"rendered":"http:\/\/localhost\/construct\/?page_id=679"},"modified":"2023-01-15T11:04:55","modified_gmt":"2023-01-15T10:04:55","slug":"nos-activites","status":"publish","type":"page","link":"https:\/\/aamal-rct.com\/index.php\/nos-activites\/","title":{"rendered":"Nos activit\u00e9s"},"content":{"rendered":"<p>[vc_row css=\u00a0\u00bb.vc_custom_1497429195737{padding-top: 80px !important;padding-bottom: 20px !important;}\u00a0\u00bb][vc_column width=\u00a0\u00bb1\/2&Prime;]\n    <div class=\"wprt-image-box left clearfix\">\n        <div class=\"image-wrap\">\n            <img decoding=\"async\" src=\"https:\/\/aamal-rct.com\/wp-content\/uploads\/2022\/10\/IMG20210315172132-scaled.jpg\" alt=\"\" \/>\n        <\/div>\n        <div class=\"content-wrap\">\n            <h3 class=\"dd-title font-size-18\"><a href=\"https:\/\/new.aamal-rct.com\/index.php\/services\/construction\/\">CONSTRUCTION<\/a><\/h3>\n            <p>La construction&#8230;un domaine<br \/>\nqui nous conna\u00eet bien !<\/p>\n            <div class=\"dd-link\"><a href=\"https:\/\/new.aamal-rct.com\/index.php\/services\/construction\/\">Lire la suite<\/a><\/div>        <\/div>\n    <\/div>\n\n\n    <div class=\"wprt-image-box left clearfix\">\n        <div class=\"image-wrap\">\n            <img decoding=\"async\" src=\"https:\/\/aamal-rct.com\/wp-content\/uploads\/2023\/01\/DSCN0645-scaled.jpg\" alt=\"\" \/>\n        <\/div>\n        <div class=\"content-wrap\">\n            <h3 class=\"dd-title font-size-18\"><a href=\"https:\/\/new.aamal-rct.com\/index.php\/services\/fabrication-de-charpentes-en-acier-leger\/\">Fabrication de charpentes en acier l\u00e9ger<\/a><\/h3>\n            <p>Une conception et une construction<br \/>\nde pointe, de bout en bout,<\/p>\n            <div class=\"dd-link\"><a href=\"https:\/\/new.aamal-rct.com\/index.php\/services\/fabrication-de-charpentes-en-acier-leger\/\">Lire la suite<\/a><\/div>        <\/div>\n    <\/div>\n\n[\/vc_column][vc_column width=\u00a0\u00bb1\/2&Prime;]\n    <div class=\"wprt-image-box left clearfix\">\n        <div class=\"image-wrap\">\n            <img decoding=\"async\" src=\"https:\/\/aamal-rct.com\/wp-content\/uploads\/2022\/12\/SNTP.jpeg\" alt=\"\" \/>\n        <\/div>\n        <div class=\"content-wrap\">\n            <h3 class=\"dd-title font-size-18\"><a href=\"https:\/\/new.aamal-rct.com\/index.php\/services\/travaux-publics\/\">Travaux Publics<\/a><\/h3>\n            <p>Un partenaire de terrain&#8230;<\/p>\n            <div class=\"dd-link\"><a href=\"https:\/\/new.aamal-rct.com\/index.php\/services\/travaux-publics\/\">Lire la suite<\/a><\/div>        <\/div>\n    <\/div>\n\n\n    <div class=\"wprt-image-box left clearfix\">\n        <div class=\"image-wrap\">\n            <img decoding=\"async\" src=\"https:\/\/aamal-rct.com\/wp-content\/uploads\/2023\/01\/IMPORT.png\" alt=\"\" \/>\n        <\/div>\n        <div class=\"content-wrap\">\n            <h3 class=\"dd-title font-size-18\"><a href=\"https:\/\/new.aamal-rct.com\/index.php\/services\/design-construction\/\">DISTRIBUTION DE MAT\u00c9RIAUX ET MAT\u00c9RIELS DE CONSTRUCTION<\/a><\/h3>\n            <p>la r\u00e9f\u00e9rence du n\u00e9goce<br \/>\n\u00e0 la fois pour ses clients<\/p>\n            <div class=\"dd-link\"><a href=\"https:\/\/new.aamal-rct.com\/index.php\/services\/design-construction\/\">Lire la suite<\/a><\/div>        <\/div>\n    <\/div>\n\n[\/vc_column][\/vc_row][vc_row][vc_column]\n    <h2 class=\"text-center\" >NOS FILIALES<\/h2>\n    \t    <div class=\"wprt-lines style-2 custom-1\">\n\t        <div class=\"line-1\"><\/div>\n\t    <\/div>\n    \n        \t\n[\/vc_column][\/vc_row][vc_row][vc_column][vc_empty_space height=\u00a0\u00bb50px\u00a0\u00bb]\n\t\t\n        <div class=\"wprt-partners\">\n\t        <div id=\"partner-69f281a66d27a\" class=\"owl-carousel\">\n\t        \t\t\t\t\t<div class=\"partner\">\n\t\t\t\t\t\t            \t\t<img decoding=\"async\" src=\"https:\/\/aamal-rct.com\/wp-content\/uploads\/2022\/07\/aamal-rtc-partenaire-ENPI.jpg\" alt=\"\">\n\t            \t\t\t\t\t<\/div>\n\t\t\t\t\t\t\t\t<div class=\"partner\">\n\t\t\t\t\t\t            \t\t<img decoding=\"async\" src=\"https:\/\/aamal-rct.com\/wp-content\/uploads\/2022\/07\/Aamal-NAFTAL.jpg\" alt=\"\">\n\t            \t\t\t\t\t<\/div>\n\t\t\t\t\t\t\t\t<div class=\"partner\">\n\t\t\t\t\t\t            \t\t<img decoding=\"async\" src=\"https:\/\/aamal-rct.com\/wp-content\/uploads\/2022\/07\/aamal-sonelgaz.png\" alt=\"\">\n\t            \t\t\t\t\t<\/div>\n\t\t\t\t\t\t\t\t<div class=\"partner\">\n\t\t\t\t\t\t            \t\t<img decoding=\"async\" src=\"https:\/\/aamal-rct.com\/wp-content\/uploads\/2022\/07\/aamal-marini_fayat_group.png\" alt=\"\">\n\t            \t\t\t\t\t<\/div>\n\t\t\t\t\t\t\t\t<div class=\"partner\">\n\t\t\t\t\t\t            \t\t<img decoding=\"async\" src=\"https:\/\/aamal-rct.com\/wp-content\/uploads\/2022\/07\/v.png\" alt=\"\">\n\t            \t\t\t\t\t<\/div>\n\t\t\t\t\t\t\t<\/div>\n\t\t<\/div>\n\t\t<script>\n\t\t\t(function($) { \"use strict\";\t\n\n\t\t\t\t$( \"#partner-69f281a66d27a\" ).owlCarousel({\n    \t\t\t\tautoplay: true,\n\t            \tautoplayTimeout: 6000,\n\t\t            items : 5,\n\t\t            responsiveClass:true,\n\t\t            navigation : false,\n\t\t            pagination : false,\n\t\t            navigationText: [\"\",\"\"],\n\t\t            responsive : {\n\t\t\t            \/\/ breakpoint from 0 up\n\t\t\t            0 : {\n\t\t\t               items:1,\n\t\t\t            },\n\t\t\t            \/\/ breakpoint from 480 up\n\t\t\t            480 : {\n\t\t\t               items:1,\n\t\t\t            },\n\t\t\t            \/\/ breakpoint from 768 up\n\t\t\t            768 : {\n\t\t\t                items:3,\n\t\t\t            },\n\t\t\t            992 : {\n\t\t\t                items:3,\n\t\t\t            },\n\t\t\t            1440 : {\n\t\t\t                items:5 - 1,\n\t\t\t            },\n\t\t\t            1920 : {\n\t\t\t                items:5,\n\t\t\t            }\n\t\t\t        },\n\t\t            \n\t\t        }); \n\n\t\t\t})(jQuery); \n\t\t<\/script>\n\t\n[vc_empty_space height=\u00a0\u00bb50px\u00a0\u00bb][\/vc_column][\/vc_row][vc_row][vc_column][\/vc_column][\/vc_row]<\/p>\n","protected":false},"excerpt":{"rendered":"<p>[vc_row css=\u00a0\u00bb.vc_custom_1497429195737{padding-top: 80px !important;padding-bottom: 20px !important;}\u00a0\u00bb][vc_column width=\u00a0\u00bb1\/2&Prime;][\/vc_column][vc_column width=\u00a0\u00bb1\/2&Prime;][\/vc_column][\/vc_row][vc_row][vc_column][\/vc_column][\/vc_row][vc_row][vc_column][vc_empty_space height=\u00a0\u00bb50px\u00a0\u00bb][vc_empty_space height=\u00a0\u00bb50px\u00a0\u00bb][\/vc_column][\/vc_row][vc_row][vc_column][\/vc_column][\/vc_row]<\/p>\n","protected":false},"author":1,"featured_media":0,"parent":0,"menu_order":0,"comment_status":"closed","ping_status":"closed","template":"page-templates\/template-fullwidth.php","meta":{"footnotes":""},"class_list":["post-679","page","type-page","status-publish","hentry"],"yoast_head":"<!-- This site is optimized with the Yoast SEO plugin v27.5 - https:\/\/yoast.com\/product\/yoast-seo-wordpress\/ -->\n<title>Nos activit\u00e9s - Aamal rct<\/title>\n<meta name=\"robots\" content=\"index, follow, max-snippet:-1, max-image-preview:large, max-video-preview:-1\" \/>\n<link rel=\"canonical\" href=\"https:\/\/aamal-rct.com\/index.php\/nos-activites\/\" \/>\n<meta property=\"og:locale\" content=\"fr_FR\" \/>\n<meta property=\"og:type\" content=\"article\" \/>\n<meta property=\"og:title\" content=\"Nos activit\u00e9s - Aamal rct\" \/>\n<meta property=\"og:description\" content=\"[vc_row css=\u00a0\u00bb.vc_custom_1497429195737{padding-top: 80px !important;padding-bottom: 20px !important;}\u00a0\u00bb][vc_column width=\u00a0\u00bb1\/2&Prime;][\/vc_column][vc_column width=\u00a0\u00bb1\/2&Prime;][\/vc_column][\/vc_row][vc_row][vc_column][\/vc_column][\/vc_row][vc_row][vc_column][vc_empty_space height=\u00a0\u00bb50px\u00a0\u00bb][vc_empty_space height=\u00a0\u00bb50px\u00a0\u00bb][\/vc_column][\/vc_row][vc_row][vc_column][\/vc_column][\/vc_row]\" \/>\n<meta property=\"og:url\" content=\"https:\/\/aamal-rct.com\/index.php\/nos-activites\/\" \/>\n<meta property=\"og:site_name\" content=\"Aamal rct\" \/>\n<meta property=\"article:publisher\" content=\"https:\/\/web.facebook.com\/Aamalrtc\" \/>\n<meta property=\"article:modified_time\" content=\"2023-01-15T10:04:55+00:00\" \/>\n<meta name=\"twitter:card\" content=\"summary_large_image\" \/>\n<meta name=\"twitter:label1\" content=\"Dur\u00e9e de lecture estim\u00e9e\" \/>\n\t<meta name=\"twitter:data1\" content=\"1 minute\" \/>\n<script type=\"application\/ld+json\" class=\"yoast-schema-graph\">{\"@context\":\"https:\\\/\\\/schema.org\",\"@graph\":[{\"@type\":\"WebPage\",\"@id\":\"https:\\\/\\\/aamal-rct.com\\\/index.php\\\/nos-activites\\\/\",\"url\":\"https:\\\/\\\/aamal-rct.com\\\/index.php\\\/nos-activites\\\/\",\"name\":\"Nos activit\u00e9s - Aamal rct\",\"isPartOf\":{\"@id\":\"https:\\\/\\\/aamal-rct.com\\\/#website\"},\"datePublished\":\"2017-06-14T08:23:05+00:00\",\"dateModified\":\"2023-01-15T10:04:55+00:00\",\"breadcrumb\":{\"@id\":\"https:\\\/\\\/aamal-rct.com\\\/index.php\\\/nos-activites\\\/#breadcrumb\"},\"inLanguage\":\"fr-FR\",\"potentialAction\":[{\"@type\":\"ReadAction\",\"target\":[\"https:\\\/\\\/aamal-rct.com\\\/index.php\\\/nos-activites\\\/\"]}]},{\"@type\":\"BreadcrumbList\",\"@id\":\"https:\\\/\\\/aamal-rct.com\\\/index.php\\\/nos-activites\\\/#breadcrumb\",\"itemListElement\":[{\"@type\":\"ListItem\",\"position\":1,\"name\":\"Accueil\",\"item\":\"https:\\\/\\\/aamal-rct.com\\\/\"},{\"@type\":\"ListItem\",\"position\":2,\"name\":\"Nos activit\u00e9s\"}]},{\"@type\":\"WebSite\",\"@id\":\"https:\\\/\\\/aamal-rct.com\\\/#website\",\"url\":\"https:\\\/\\\/aamal-rct.com\\\/\",\"name\":\"Aamal rct\",\"description\":\"R\u00e9alisation conseil technique\",\"publisher\":{\"@id\":\"https:\\\/\\\/aamal-rct.com\\\/#organization\"},\"potentialAction\":[{\"@type\":\"SearchAction\",\"target\":{\"@type\":\"EntryPoint\",\"urlTemplate\":\"https:\\\/\\\/aamal-rct.com\\\/?s={search_term_string}\"},\"query-input\":{\"@type\":\"PropertyValueSpecification\",\"valueRequired\":true,\"valueName\":\"search_term_string\"}}],\"inLanguage\":\"fr-FR\"},{\"@type\":\"Organization\",\"@id\":\"https:\\\/\\\/aamal-rct.com\\\/#organization\",\"name\":\"Ammal rct\",\"url\":\"https:\\\/\\\/aamal-rct.com\\\/\",\"logo\":{\"@type\":\"ImageObject\",\"inLanguage\":\"fr-FR\",\"@id\":\"https:\\\/\\\/aamal-rct.com\\\/#\\\/schema\\\/logo\\\/image\\\/\",\"url\":\"https:\\\/\\\/aamal-rct.com\\\/wp-content\\\/uploads\\\/2022\\\/07\\\/logo-aamal-rtc-tra.png\",\"contentUrl\":\"https:\\\/\\\/aamal-rct.com\\\/wp-content\\\/uploads\\\/2022\\\/07\\\/logo-aamal-rtc-tra.png\",\"width\":768,\"height\":230,\"caption\":\"Ammal rct\"},\"image\":{\"@id\":\"https:\\\/\\\/aamal-rct.com\\\/#\\\/schema\\\/logo\\\/image\\\/\"},\"sameAs\":[\"https:\\\/\\\/web.facebook.com\\\/Aamalrtc\",\"https:\\\/\\\/www.linkedin.com\\\/company\\\/aamalrct\\\/\"]}]}<\/script>\n<!-- \/ Yoast SEO plugin. -->","yoast_head_json":{"title":"Nos activit\u00e9s - Aamal rct","robots":{"index":"index","follow":"follow","max-snippet":"max-snippet:-1","max-image-preview":"max-image-preview:large","max-video-preview":"max-video-preview:-1"},"canonical":"https:\/\/aamal-rct.com\/index.php\/nos-activites\/","og_locale":"fr_FR","og_type":"article","og_title":"Nos activit\u00e9s - Aamal rct","og_description":"[vc_row css=\u00a0\u00bb.vc_custom_1497429195737{padding-top: 80px !important;padding-bottom: 20px !important;}\u00a0\u00bb][vc_column width=\u00a0\u00bb1\/2&Prime;][\/vc_column][vc_column width=\u00a0\u00bb1\/2&Prime;][\/vc_column][\/vc_row][vc_row][vc_column][\/vc_column][\/vc_row][vc_row][vc_column][vc_empty_space height=\u00a0\u00bb50px\u00a0\u00bb][vc_empty_space height=\u00a0\u00bb50px\u00a0\u00bb][\/vc_column][\/vc_row][vc_row][vc_column][\/vc_column][\/vc_row]","og_url":"https:\/\/aamal-rct.com\/index.php\/nos-activites\/","og_site_name":"Aamal rct","article_publisher":"https:\/\/web.facebook.com\/Aamalrtc","article_modified_time":"2023-01-15T10:04:55+00:00","twitter_card":"summary_large_image","twitter_misc":{"Dur\u00e9e de lecture estim\u00e9e":"1 minute"},"schema":{"@context":"https:\/\/schema.org","@graph":[{"@type":"WebPage","@id":"https:\/\/aamal-rct.com\/index.php\/nos-activites\/","url":"https:\/\/aamal-rct.com\/index.php\/nos-activites\/","name":"Nos activit\u00e9s - Aamal rct","isPartOf":{"@id":"https:\/\/aamal-rct.com\/#website"},"datePublished":"2017-06-14T08:23:05+00:00","dateModified":"2023-01-15T10:04:55+00:00","breadcrumb":{"@id":"https:\/\/aamal-rct.com\/index.php\/nos-activites\/#breadcrumb"},"inLanguage":"fr-FR","potentialAction":[{"@type":"ReadAction","target":["https:\/\/aamal-rct.com\/index.php\/nos-activites\/"]}]},{"@type":"BreadcrumbList","@id":"https:\/\/aamal-rct.com\/index.php\/nos-activites\/#breadcrumb","itemListElement":[{"@type":"ListItem","position":1,"name":"Accueil","item":"https:\/\/aamal-rct.com\/"},{"@type":"ListItem","position":2,"name":"Nos activit\u00e9s"}]},{"@type":"WebSite","@id":"https:\/\/aamal-rct.com\/#website","url":"https:\/\/aamal-rct.com\/","name":"Aamal rct","description":"R\u00e9alisation conseil technique","publisher":{"@id":"https:\/\/aamal-rct.com\/#organization"},"potentialAction":[{"@type":"SearchAction","target":{"@type":"EntryPoint","urlTemplate":"https:\/\/aamal-rct.com\/?s={search_term_string}"},"query-input":{"@type":"PropertyValueSpecification","valueRequired":true,"valueName":"search_term_string"}}],"inLanguage":"fr-FR"},{"@type":"Organization","@id":"https:\/\/aamal-rct.com\/#organization","name":"Ammal rct","url":"https:\/\/aamal-rct.com\/","logo":{"@type":"ImageObject","inLanguage":"fr-FR","@id":"https:\/\/aamal-rct.com\/#\/schema\/logo\/image\/","url":"https:\/\/aamal-rct.com\/wp-content\/uploads\/2022\/07\/logo-aamal-rtc-tra.png","contentUrl":"https:\/\/aamal-rct.com\/wp-content\/uploads\/2022\/07\/logo-aamal-rtc-tra.png","width":768,"height":230,"caption":"Ammal rct"},"image":{"@id":"https:\/\/aamal-rct.com\/#\/schema\/logo\/image\/"},"sameAs":["https:\/\/web.facebook.com\/Aamalrtc","https:\/\/www.linkedin.com\/company\/aamalrct\/"]}]}},"_links":{"self":[{"href":"https:\/\/aamal-rct.com\/index.php\/wp-json\/wp\/v2\/pages\/679","targetHints":{"allow":["GET"]}}],"collection":[{"href":"https:\/\/aamal-rct.com\/index.php\/wp-json\/wp\/v2\/pages"}],"about":[{"href":"https:\/\/aamal-rct.com\/index.php\/wp-json\/wp\/v2\/types\/page"}],"author":[{"embeddable":true,"href":"https:\/\/aamal-rct.com\/index.php\/wp-json\/wp\/v2\/users\/1"}],"replies":[{"embeddable":true,"href":"https:\/\/aamal-rct.com\/index.php\/wp-json\/wp\/v2\/comments?post=679"}],"version-history":[{"count":0,"href":"https:\/\/aamal-rct.com\/index.php\/wp-json\/wp\/v2\/pages\/679\/revisions"}],"wp:attachment":[{"href":"https:\/\/aamal-rct.com\/index.php\/wp-json\/wp\/v2\/media?parent=679"}],"curies":[{"name":"wp","href":"https:\/\/api.w.org\/{rel}","templated":true}]}}